{"id":136,"date":"2023-05-25T15:13:46","date_gmt":"2023-05-25T15:13:46","guid":{"rendered":"https:\/\/forschungsgruppe-pronomen.de\/?page_id=136"},"modified":"2025-07-28T11:18:22","modified_gmt":"2025-07-28T11:18:22","slug":"publikationen","status":"publish","type":"page","link":"https:\/\/forschungsgruppe-pronomen.de\/en\/publikationen\/","title":{"rendered":"Publications"},"content":{"rendered":"<p>G\u00fcnthner, Susanne (2025):<br><strong>Konstruktionen in der Interaktion: wenn [PRONOMEN] ehrlich [KOPULA]-Konstruktionen und ihre interaktive Funktion in palliativ-medizinischen Konsultationen. In: M\u00fcller, Marcus\/Reisigl, Martin\/Becker, Maria\/Bender, Michael\/Felder, Ekkehard (Hrsg.): Diskursgrammatik. Berlin: De Gruyter. 151-174. \u2192 <a href=\"https:\/\/www.degruyterbrill.com\/document\/doi\/10.1515\/9783110731811-007\/html\" data-type=\"link\" data-id=\"https:\/\/www.degruyterbrill.com\/document\/doi\/10.1515\/9783110731811-007\/html\">Text<\/a><\/strong><\/p>\n\n\n\n<p>G\u00fcnthner, Susanne (2025):<\/p>\n\n\n\n<p><strong>Kommunikative Praktiken des Genderns \u2013 eine interaktionale Perspektive auf genderbezogene Referenzierungspraktiken und deren inh\u00e4rentes Kontextualisierungspotenzial. In: Deutsche Sprache 1\/25: 19-44.\u00a0<\/strong><\/p>\n\n\n\n<p>G\u00fcnthner, Susanne (2025):<\/p>\n\n\n\n<p><strong>Gendern im Deutschen: aktuelle Forschungsfragen und das inh\u00e4rente Positionierungspotenzial genderbezogener Personenreferenzen. In: Balnat, Vincent\/Kaltz, Barbara (eds.): Genus und Geschlecht in europ\u00e4ischen Sprache. Geschichte und Gegenwart, Sprachvergleich 6. T\u00fcbingen: Narr Francke Attempto Verlag. 71-94. \u2192 <\/strong><a href=\"https:\/\/dialnet.unirioja.es\/servlet\/articulo?codigo=9981763\" data-type=\"link\" data-id=\"https:\/\/dialnet.unirioja.es\/servlet\/articulo?codigo=9981763\">Text<\/a><\/p>\n\n\n\n<p><strong>In V.\/E.\/Dr.<\/strong><\/p>\n\n\n\n<p>Bauer, Nathalie\/Lanwer, Jens (i. V.):<\/p>\n\n\n\n<p><strong>Personenreferenz und Perspektive: Versuch einer konzeptuellen Integration. In: Bauer, Nathalie\/Lanwer Jens (Hrsg): ZGL-Themenheft \u201ePersonenreferenz und Perspektive\u201c, Zeitschrift f\u00fcr germanistische Linguistik.<\/strong><\/p>\n\n\n\n<p>Imo, Wolfgang \/ Schick, Valeria (i. V.): <\/p>\n\n\n\n<p><strong>Personenreferenz mittels des Indefinitpronomens&nbsp;<em>man<\/em>&nbsp;in Dramen von Barock zu Klassik.<\/strong><\/p>\n\n\n\n<p>Duve, Laura \/ Schick, Valeria (i. V.):<\/p>\n\n\n\n<p><strong>\u201eMan schaue und wundere sich.\u201c \u2013 Heische Formeln mit&nbsp;<em>man&nbsp;<\/em>als Positionierungsressourcen in Dramen des 16. bis 19. Jahrhunderts.<\/strong><\/p>\n\n\n\n<p>Imo, Wolfgang (i. V.):<\/p>\n\n\n\n<p><strong>Interaktionale Linguistik \u2013 eine Fallstudie der interaktionalen Funktionen des Indefinitpronomens&nbsp;<em>man<\/em>&nbsp;in Lessings Dramen.<\/strong><\/p>\n\n\n\n<p><strong>2024<\/strong><\/p>\n\n\n\n<p>G\u00fcnthner, Susanne (2024): <\/p>\n\n\n\n<h4 class=\"wp-block-heading\">\u201emit ner beSTRAHlung (.) wirken sie lokal auf eIne stelle\u201c: zum Gebrauch des generischen <em>Sie<\/em> in medizinischen Interaktionen.&nbsp;<em>Susanne G\u00fcnthner: Sprache in der kommunikativen Praxis<\/em>, edited by Marcel Fladrich, Wolfgang Imo, Katharina K\u00f6nig, Jens Philipp Lanwer and Beate Weidner, Berlin, Boston: De Gruyter, 2024, pp. 303-334. \u2192<a href=\"https:\/\/doi.org\/10.1515\/9783111025568-012\" data-type=\"link\" data-id=\"https:\/\/doi.org\/10.1515\/9783111025568-012\">Text<\/a><\/h4>\n\n\n\n<p>G\u00fcnthner, Susanne (2024):<\/p>\n\n\n\n<p><strong>Calibrating Sensitive Actions in Palliative Care Consultations. Physicians\u2019 Use of Routinized&nbsp;<em>wenn ich ehrlich bin\/wenn man ehrlich ist<\/em>-Constructions. In: Selting, Margret\/Barth-Weingarten, Dagmar (Hrsg.):&nbsp;<em>New Perspectives in Interactional Linguistic Research<\/em>. Amsterdam\/Philadelphia: John Benjamins. 310-333.&nbsp;\u2192<a href=\"https:\/\/doi.org\/10.1075\/slsi.36.11gun\">Text<\/a><\/strong><\/p>\n\n\n\n<p>G\u00fcnthner, Susanne (2024):<\/p>\n\n\n\n<p><strong>Kategorische Formulierungen als Praktiken der Rekalibrierung von Norma\u00adlit\u00e4t in \u201abr\u00fcchigen Zeiten\u2018: Strategien der Vermittlung von allgemeing\u00fcltigem Wissen in onkologischen Aufkl\u00e4rungsgespr\u00e4chen. In: Bauer, Natha\u00adlie\/G\u00fcn\u00adth\u00adner, Susanne\/Schopf, Juliane (Hrsg.):&nbsp;<em>Kommunikative Konstruk\u00adtion von Normalit\u00e4ten in der Medizin \u2013 Gespr\u00e4chsanalytische Perspektiven<\/em>. Berlin\/Boston: de Gruyter. 101-130. \u2192<a href=\"https:\/\/www.degruyter.com\/document\/doi\/10.1515\/9783110761559-001\/html\">T<\/a><a href=\"https:\/\/doi.org\/10.1515\/9783110761559-005\">ex<\/a><a href=\"https:\/\/www.degruyter.com\/document\/doi\/10.1515\/9783110761559-001\/html\">t<\/a><\/strong><\/p>\n\n\n\n<p>G\u00fcnthner, Susanne (zusammen mit Bauer, Nathalie und Schopf, Juliane) (2024):<\/p>\n\n\n\n<p><strong>Zur kom\u00admuni\u00adkativen Konstruktion von Normalit\u00e4ten in der Medizin \u2013 Eine Einf\u00fchrung in den Band. In: Bauer, Nathalie\/G\u00fcnthner, Susanne\/Schopf, Juliane (Hrsg.):&nbsp;<em>Kom\u00admunikative Konstruktion von Normalit\u00e4ten in der Medizin \u2013 Gespr\u00e4chs\u00adanalytische Perspektiven<\/em>. Berlin\/Boston: de Gruyter. 1-22.&nbsp;\u2192<a href=\"https:\/\/www.degruyter.com\/document\/doi\/10.1515\/9783110761559-001\/html\">Text<\/a><\/strong><\/p>\n\n\n\n<p>Imo, Wolfgang (2024):<\/p>\n\n\n\n<p><strong>\u201eHimmel welcher Schimpf! (\u2026) Ich ein Schneider?\u201c&nbsp;\u2013 Nicht-finite Pr\u00e4dikationskonstruktionen (NFPK) in Dramen des Barock, der Aufkl\u00e4rung, des Sturm und Drang und der Klassik als Inszenierungsverfahren von Emotionalit\u00e4t. In:&nbsp;<em>Zeitschrift f\u00fcr germanistische Linguistik<\/em>&nbsp;52\/2, 324\u2013353. \u2192<a href=\"https:\/\/www.degruyter.com\/document\/doi\/10.1515\/zgl-2024-2015\/html\">Text<\/a><\/strong><\/p>\n\n\n\n<p>Imo, Wolfgang (2024):<\/p>\n\n\n\n<p><strong>Problematische Possessivit\u00e4t: Possessivpronomen und Reparatursequenzen in historischen Dramen. In:&nbsp;<em>Zeitschrift f\u00fcr Literaturwissenschaft und Linguistik<\/em>&nbsp;(Labor), 1\u201327. \u2192<a href=\"https:\/\/link.springer.com\/article\/10.1007\/s41244-024-00342-5\">Text<\/a><\/strong><\/p>\n\n\n\n<p>Duve, Laura (2024):<\/p>\n\n\n\n<p><strong>\u201e<em>Sie Konne kein zeuberen da\u00df muge man machen wie man wolle<\/em>.\u201c Regionale und funktionale Variation des Pronomens&nbsp;<em>man<\/em>&nbsp;in Hexenverh\u00f6rprotokollen der fr\u00fchen Neuzeit. In: H\u00f6llein, Dagobert \/ Koch, G\u00fcnter \/ Werth, Alexander (Hrsgg.):&nbsp;<em>Regionale Sprachgeschichte(n)<\/em>. Jahrbuch f\u00fcr germanistische Sprachgeschichte (15). Berlin\/Boston: De Gruyter. \u2192<a href=\"https:\/\/www.degruyter.com\/document\/doi\/10.1515\/jbgsg-2024-0007\/html\">Text<\/a><\/strong><\/p>\n\n\n\n<p>Krug, Maximilian (2024):<\/p>\n\n\n\n<p><strong>Konstruktion von Ost-Zugeh\u00f6rigkeit: Die DDR als Gruppenkategorie in medialen Telegram- und Leserbriefdiskursen der BRD. In: Roth, Kersten Sven; Pappert, Steffen (Hrsg.): Ost-West-Konflikte. Hamburg: Buske \u2192<a href=\"https:\/\/books.google.de\/books?hl=de&amp;lr=&amp;id=LtodEQAAQBAJ&amp;oi=fnd&amp;pg=PA155&amp;dq=Konstruktion+von+Ost-Zugeh%C3%B6rigkeit:+Die+DDR+als+Gruppenkategorie+in+medialen+Telegram-+und+Leserbriefdiskursen+der+BRD&amp;ots=Abo9RuFJbG&amp;sig=N_bhadfXXYg-VJ7SvQn-iNQXbRg#v=onepage&amp;q=Konstruktion%20von%20Ost-Zugeh%C3%B6rigkeit%3A%20Die%20DDR%20als%20Gruppenkategorie%20in%20medialen%20Telegram-%20und%20Leserbriefdiskursen%20der%20BRD&amp;f=false\">Text<\/a><\/strong><\/p>\n\n\n\n<p><strong>2023<\/strong><\/p>\n\n\n\n<p>Hendricks, Dominic und Imo, Wolfgang (2023):<\/p>\n\n\n\n<p><strong>\u00c4rztliche Therapieentscheidungsempfehlungen in der Onkologie und die Rolle des Personalpronomens&nbsp;<em>wir&nbsp;<\/em>bei der Aushandlung \u00e4rztlicher&nbsp;<em>agency<\/em>. In: Zeitschrift f\u00fcr Angewandte Linguistik (79), S. 163-194.&nbsp;\u2192<a href=\"https:\/\/doi.org\/10.1515\/zfal-2023-2011\">Text<\/a><\/strong><\/p>\n\n\n\n<p>G\u00fcnthner, Susanne (2023): <\/p>\n\n\n\n<h4 class=\"wp-block-heading\">Practices of person reference in Chinese and German interactions: A contrastive analysis of &#8218;third person reference forms&#8216; in SMS, WhatsApp, and WeChat communication. In: Baumgarten, Nicole\/Roel Vismans (eds.):&nbsp;<em>&#8218;It\u2019s different with you.&#8216; Contrastive perspectives on address research.<\/em>&nbsp;Amsterdam\/Philadelphia: John Benjamins. S. 113-141. \u2192<a href=\"https:\/\/www.jbe-platform.com\/content\/books\/9789027249692-tar.5.05gun\" data-type=\"URL\" data-id=\"https:\/\/doi.org\/10.1515\/zgl-2023-2003\">Text<\/a><\/h4>\n\n\n\n<p>Hendricks, Dominic; Imo, Wolfgang (2023): <\/p>\n\n\n\n<h4 class=\"wp-block-heading\">\u00c4rztliche Therapieentscheidungsempfehlungen in der Onkologie und die Rolle des Personalpronomens wir bei der Aushandlung \u00e4rztlicher agency. In: Zeitschrift f\u00fcr Angewandte Linguistik (79), S. 163-194. \u2192<a href=\"https:\/\/doi.org\/10.1515\/zfal-2023-2011\" data-type=\"URL\" data-id=\"https:\/\/doi.org\/10.1515\/zgl-2023-2003\">Text<\/a><\/h4>\n\n\n\n<p>Dammel, Antje (2023):<\/p>\n\n\n\n<p><strong>Pronominale Referenz und Stancetaking mit&nbsp;<em>man<\/em>&nbsp;in historischen Zeitungstexten. In: Haaf, Susanne \/ Schuster, Britt-Marie (Hrsgg.):&nbsp;<em>Historische Textmuster im Wandel<\/em>. Berlin\/Boston: De Gruyter, 253\u2013290. \u2192Text<\/strong><\/p>\n\n\n\n<p>Mostovaia, Irina; Fedorovskaya, Victoria and Imo, Wolfgang (2023):<\/p>\n\n\n\n<h4 class=\"wp-block-heading\"><em>Wir beide <\/em>und <em>\u043c\u044b \u0441 \u0432\u0430\u043c\u0438 <\/em>(\u201awir mit Ihnen\u2018): Strategien zur Vagheitsreduktion im Gebrauch des Personalpronomens der 1. Person Plural in deutschen und russischen Diagnosemitteilungs- und Therapieplanungsgespr\u00e4chen. Zeitschrift f\u00fcr germanistische Linguistik, Vol. 51 (Issue 1), S. 88-123. \u2192<a href=\"https:\/\/global.oup.com\/academic\/product\/requesting-responsibility-9780190210724?lang=en&amp;cc=de\">T<\/a><a href=\"https:\/\/doi.org\/10.1515\/zgl-2023-2003\" data-type=\"URL\" data-id=\"https:\/\/doi.org\/10.1515\/zgl-2023-2003\">ext<\/a><\/h4>","protected":false},"excerpt":{"rendered":"<p>G\u00fcnthner, Susanne (2025):Konstruktionen in der Interaktion: wenn [PRONOMEN] ehrlich [KOPULA]-Konstruktionen und ihre interaktive Funktion in palliativ-medizinischen Konsultationen. In: M\u00fcller, Marcus\/Reisigl, Martin\/Becker, Maria\/Bender, Michael\/Felder, Ekkehard (Hrsg.): Diskursgrammatik. Berlin: De Gruyter. 151-174. \u2192 Text G\u00fcnthner, Susanne (2025): Kommunikative Praktiken des Genderns \u2013 eine interaktionale Perspektive auf genderbezogene Referenzierungspraktiken und deren inh\u00e4rentes Kontextualisierungspotenzial. In: Deutsche Sprache 1\/25: 19-44.\u00a0 [&hellip;]<\/p>","protected":false},"author":1,"featured_media":0,"parent":0,"menu_order":0,"comment_status":"closed","ping_status":"closed","template":"","meta":{"site-container-style":"default","site-container-layout":"default","site-sidebar-layout":"default","disable-article-header":"default","disable-site-header":"default","disable-site-footer":"default","disable-content-area-spacing":"default","footnotes":""},"publishpress_future_action":{"enabled":false,"date":"2026-05-05 14:53:11","action":"draft","terms":[],"taxonomy":""},"_links":{"self":[{"href":"https:\/\/forschungsgruppe-pronomen.de\/en\/wp-json\/wp\/v2\/pages\/136"}],"collection":[{"href":"https:\/\/forschungsgruppe-pronomen.de\/en\/wp-json\/wp\/v2\/pages"}],"about":[{"href":"https:\/\/forschungsgruppe-pronomen.de\/en\/wp-json\/wp\/v2\/types\/page"}],"author":[{"embeddable":true,"href":"https:\/\/forschungsgruppe-pronomen.de\/en\/wp-json\/wp\/v2\/users\/1"}],"replies":[{"embeddable":true,"href":"https:\/\/forschungsgruppe-pronomen.de\/en\/wp-json\/wp\/v2\/comments?post=136"}],"version-history":[{"count":17,"href":"https:\/\/forschungsgruppe-pronomen.de\/en\/wp-json\/wp\/v2\/pages\/136\/revisions"}],"predecessor-version":[{"id":532,"href":"https:\/\/forschungsgruppe-pronomen.de\/en\/wp-json\/wp\/v2\/pages\/136\/revisions\/532"}],"wp:attachment":[{"href":"https:\/\/forschungsgruppe-pronomen.de\/en\/wp-json\/wp\/v2\/media?parent=136"}],"curies":[{"name":"wp","href":"https:\/\/api.w.org\/{rel}","templated":true}]}}

<p>Günthner, Susanne (2025):<br><strong>Konstruktionen in der Interaktion: wenn [PRONOMEN] ehrlich [KOPULA]-Konstruktionen und ihre interaktive Funktion in palliativ-medizinischen Konsultationen. In: Müller, Marcus/Reisigl, Martin/Becker, Maria/Bender, Michael/Felder, Ekkehard (Hrsg.): Diskursgrammatik. Berlin: De Gruyter. 151-174. → <a href="https://www.degruyterbrill.com/document/doi/10.1515/9783110731811-007/html" data-type="link" data-id="https://www.degruyterbrill.com/document/doi/10.1515/9783110731811-007/html">Text</a></strong></p>



<p>Günthner, Susanne (2025):</p>



<p><strong>Kommunikative Praktiken des Genderns – eine interaktionale Perspektive auf genderbezogene Referenzierungspraktiken und deren inhärentes Kontextualisierungspotenzial. In: Deutsche Sprache 1/25: 19-44. </strong></p>



<p>Günthner, Susanne (2025):</p>



<p><strong>Gendern im Deutschen: aktuelle Forschungsfragen und das inhärente Positionierungspotenzial genderbezogener Personenreferenzen. In: Balnat, Vincent/Kaltz, Barbara (eds.): Genus und Geschlecht in europäischen Sprache. Geschichte und Gegenwart, Sprachvergleich 6. Tübingen: Narr Francke Attempto Verlag. 71-94. → </strong><a href="https://dialnet.unirioja.es/servlet/articulo?codigo=9981763" data-type="link" data-id="https://dialnet.unirioja.es/servlet/articulo?codigo=9981763">Text</a></p>



<p><strong>In V./E./Dr.</strong></p>



<p>Bauer, Nathalie/Lanwer, Jens (i. V.):</p>



<p><strong>Personenreferenz und Perspektive: Versuch einer konzeptuellen Integration. In: Bauer, Nathalie/Lanwer Jens (Hrsg): ZGL-Themenheft „Personenreferenz und Perspektive“, Zeitschrift für germanistische Linguistik.</strong></p>



<p>Imo, Wolfgang / Schick, Valeria (i. V.): </p>



<p><strong>Personenreferenz mittels des Indefinitpronomens&nbsp;<em>man</em>&nbsp;in Dramen von Barock zu Klassik.</strong></p>



<p>Duve, Laura / Schick, Valeria (i. V.):</p>



<p><strong>„Man schaue und wundere sich.“ – Heische Formeln mit&nbsp;<em>man&nbsp;</em>als Positionierungsressourcen in Dramen des 16. bis 19. Jahrhunderts.</strong></p>



<p>Imo, Wolfgang (i. V.):</p>



<p><strong>Interaktionale Linguistik – eine Fallstudie der interaktionalen Funktionen des Indefinitpronomens&nbsp;<em>man</em>&nbsp;in Lessings Dramen.</strong></p>



<p><strong>2024</strong></p>



<p>Günthner, Susanne (2024): </p>



<h4 class="wp-block-heading">„mit ner beSTRAHlung (.) wirken sie lokal auf eIne stelle“: zum Gebrauch des generischen <em>Sie</em> in medizinischen Interaktionen.&nbsp;<em>Susanne Günthner: Sprache in der kommunikativen Praxis</em>, edited by Marcel Fladrich, Wolfgang Imo, Katharina König, Jens Philipp Lanwer and Beate Weidner, Berlin, Boston: De Gruyter, 2024, pp. 303-334. →<a href="https://doi.org/10.1515/9783111025568-012" data-type="link" data-id="https://doi.org/10.1515/9783111025568-012">Text</a></h4>



<p>Günthner, Susanne (2024):</p>



<p><strong>Calibrating Sensitive Actions in Palliative Care Consultations. Physicians’ Use of Routinized&nbsp;<em>wenn ich ehrlich bin/wenn man ehrlich ist</em>-Constructions. In: Selting, Margret/Barth-Weingarten, Dagmar (Hrsg.):&nbsp;<em>New Perspectives in Interactional Linguistic Research</em>. Amsterdam/Philadelphia: John Benjamins. 310-333.&nbsp;→<a href="https://doi.org/10.1075/slsi.36.11gun">Text</a></strong></p>



<p>Günthner, Susanne (2024):</p>



<p><strong>Kategorische Formulierungen als Praktiken der Rekalibrierung von Norma­lität in ‚brüchigen Zeiten‘: Strategien der Vermittlung von allgemeingültigem Wissen in onkologischen Aufklärungsgesprächen. In: Bauer, Natha­lie/Gün­th­ner, Susanne/Schopf, Juliane (Hrsg.):&nbsp;<em>Kommunikative Konstruk­tion von Normalitäten in der Medizin – Gesprächsanalytische Perspektiven</em>. Berlin/Boston: de Gruyter. 101-130. →<a href="https://www.degruyter.com/document/doi/10.1515/9783110761559-001/html">T</a><a href="https://doi.org/10.1515/9783110761559-005">ex</a><a href="https://www.degruyter.com/document/doi/10.1515/9783110761559-001/html">t</a></strong></p>



<p>Günthner, Susanne (zusammen mit Bauer, Nathalie und Schopf, Juliane) (2024):</p>



<p><strong>Zur kom­muni­kativen Konstruktion von Normalitäten in der Medizin – Eine Einführung in den Band. In: Bauer, Nathalie/Günthner, Susanne/Schopf, Juliane (Hrsg.):&nbsp;<em>Kom­munikative Konstruktion von Normalitäten in der Medizin – Gesprächs­analytische Perspektiven</em>. Berlin/Boston: de Gruyter. 1-22.&nbsp;→<a href="https://www.degruyter.com/document/doi/10.1515/9783110761559-001/html">Text</a></strong></p>



<p>Imo, Wolfgang (2024):</p>



<p><strong>„Himmel welcher Schimpf! (…) Ich ein Schneider?“&nbsp;– Nicht-finite Prädikationskonstruktionen (NFPK) in Dramen des Barock, der Aufklärung, des Sturm und Drang und der Klassik als Inszenierungsverfahren von Emotionalität. In:&nbsp;<em>Zeitschrift für germanistische Linguistik</em>&nbsp;52/2, 324–353. →<a href="https://www.degruyter.com/document/doi/10.1515/zgl-2024-2015/html">Text</a></strong></p>



<p>Imo, Wolfgang (2024):</p>



<p><strong>Problematische Possessivität: Possessivpronomen und Reparatursequenzen in historischen Dramen. In:&nbsp;<em>Zeitschrift für Literaturwissenschaft und Linguistik</em>&nbsp;(Labor), 1–27. →<a href="https://link.springer.com/article/10.1007/s41244-024-00342-5">Text</a></strong></p>



<p>Duve, Laura (2024):</p>



<p><strong>„<em>Sie Konne kein zeuberen daß muge man machen wie man wolle</em>.“ Regionale und funktionale Variation des Pronomens&nbsp;<em>man</em>&nbsp;in Hexenverhörprotokollen der frühen Neuzeit. In: Höllein, Dagobert / Koch, Günter / Werth, Alexander (Hrsgg.):&nbsp;<em>Regionale Sprachgeschichte(n)</em>. Jahrbuch für germanistische Sprachgeschichte (15). Berlin/Boston: De Gruyter. →<a href="https://www.degruyter.com/document/doi/10.1515/jbgsg-2024-0007/html">Text</a></strong></p>



<p>Krug, Maximilian (2024):</p>



<p><strong>Konstruktion von Ost-Zugehörigkeit: Die DDR als Gruppenkategorie in medialen Telegram- und Leserbriefdiskursen der BRD. In: Roth, Kersten Sven; Pappert, Steffen (Hrsg.): Ost-West-Konflikte. Hamburg: Buske →<a href="https://books.google.de/books?hl=de&amp;lr=&amp;id=LtodEQAAQBAJ&amp;oi=fnd&amp;pg=PA155&amp;dq=Konstruktion+von+Ost-Zugeh%C3%B6rigkeit:+Die+DDR+als+Gruppenkategorie+in+medialen+Telegram-+und+Leserbriefdiskursen+der+BRD&amp;ots=Abo9RuFJbG&amp;sig=N_bhadfXXYg-VJ7SvQn-iNQXbRg#v=onepage&amp;q=Konstruktion%20von%20Ost-Zugeh%C3%B6rigkeit%3A%20Die%20DDR%20als%20Gruppenkategorie%20in%20medialen%20Telegram-%20und%20Leserbriefdiskursen%20der%20BRD&amp;f=false">Text</a></strong></p>



<p><strong>2023</strong></p>



<p>Hendricks, Dominic und Imo, Wolfgang (2023):</p>



<p><strong>Ärztliche Therapieentscheidungsempfehlungen in der Onkologie und die Rolle des Personalpronomens&nbsp;<em>wir&nbsp;</em>bei der Aushandlung ärztlicher&nbsp;<em>agency</em>. In: Zeitschrift für Angewandte Linguistik (79), S. 163-194.&nbsp;→<a href="https://doi.org/10.1515/zfal-2023-2011">Text</a></strong></p>



<p>Günthner, Susanne (2023): </p>



<h4 class="wp-block-heading">Practices of person reference in Chinese and German interactions: A contrastive analysis of &#8218;third person reference forms&#8216; in SMS, WhatsApp, and WeChat communication. In: Baumgarten, Nicole/Roel Vismans (eds.):&nbsp;<em>&#8218;It’s different with you.&#8216; Contrastive perspectives on address research.</em>&nbsp;Amsterdam/Philadelphia: John Benjamins. S. 113-141. →<a href="https://www.jbe-platform.com/content/books/9789027249692-tar.5.05gun" data-type="URL" data-id="https://doi.org/10.1515/zgl-2023-2003">Text</a></h4>



<p>Hendricks, Dominic; Imo, Wolfgang (2023): </p>



<h4 class="wp-block-heading">Ärztliche Therapieentscheidungsempfehlungen in der Onkologie und die Rolle des Personalpronomens wir bei der Aushandlung ärztlicher agency. In: Zeitschrift für Angewandte Linguistik (79), S. 163-194. →<a href="https://doi.org/10.1515/zfal-2023-2011" data-type="URL" data-id="https://doi.org/10.1515/zgl-2023-2003">Text</a></h4>



<p>Dammel, Antje (2023):</p>



<p><strong>Pronominale Referenz und Stancetaking mit&nbsp;<em>man</em>&nbsp;in historischen Zeitungstexten. In: Haaf, Susanne / Schuster, Britt-Marie (Hrsgg.):&nbsp;<em>Historische Textmuster im Wandel</em>. Berlin/Boston: De Gruyter, 253–290. →Text</strong></p>



<p>Mostovaia, Irina; Fedorovskaya, Victoria and Imo, Wolfgang (2023):</p>



<h4 class="wp-block-heading"><em>Wir beide </em>und <em>мы с вами </em>(‚wir mit Ihnen‘): Strategien zur Vagheitsreduktion im Gebrauch des Personalpronomens der 1. Person Plural in deutschen und russischen Diagnosemitteilungs- und Therapieplanungsgesprächen. Zeitschrift für germanistische Linguistik, Vol. 51 (Issue 1), S. 88-123. →<a href="https://global.oup.com/academic/product/requesting-responsibility-9780190210724?lang=en&amp;cc=de">T</a><a href="https://doi.org/10.1515/zgl-2023-2003" data-type="URL" data-id="https://doi.org/10.1515/zgl-2023-2003">ext</a></h4>

<p>Günthner, Susanne (2025):Konstruktionen in der Interaktion: wenn [PRONOMEN] ehrlich [KOPULA]-Konstruktionen und ihre interaktive Funktion in palliativ-medizinischen Konsultationen. In: Müller, Marcus/Reisigl, Martin/Becker, Maria/Bender, Michael/Felder, Ekkehard (Hrsg.): Diskursgrammatik. Berlin: De Gruyter. 151-174. → Text Günthner, Susanne (2025): Kommunikative Praktiken des Genderns – eine interaktionale Perspektive auf genderbezogene Referenzierungspraktiken und deren inhärentes Kontextualisierungspotenzial. In: Deutsche Sprache 1/25: 19-44.  [&hellip;]</p>
